{"id":1433,"date":"2014-04-11T17:20:59","date_gmt":"2014-04-11T17:20:59","guid":{"rendered":"https:\/\/www.iconesoft.com.br\/esp\/?page_id=1433"},"modified":"2016-09-20T20:30:02","modified_gmt":"2016-09-20T20:30:02","slug":"cetesb","status":"publish","type":"page","link":"https:\/\/www.iconesoft.com.br\/esp\/clientes\/cetesb\/","title":{"rendered":"Cetesb"},"content":{"rendered":"<p>[vc_row el_position=&#8221;first&#8221;][vc_column][vc_single_image image=&#8221;1436&#8243; img_size=&#8221;960&#215;443&#8243; onclick=&#8221;custom_link&#8221; img_link_target=&#8221;_blank&#8221; img_link=&#8221;http:\/\/www.cetesb.sp.gov.br&#8221; el_position=&#8221;first last&#8221; link=&#8221;http:\/\/www.cetesb.sp.gov.br\/&#8221;][\/vc_column][\/vc_row][vc_row][vc_column][vc_column_text] [\/vc_column_text][\/vc_column][\/vc_row][vc_row el_position=&#8221;last&#8221;][vc_column][vc_column_text el_position=&#8221;first last&#8221;]<\/p>\n<p style=\"text-align: justify;\"><span style=\"line-height: 1.5em;\"><strong>ATIVIDADE<\/strong>: Secretaria do Meio Ambiente do Estado de S\u00e3o Paulo<\/span><\/p>\n<p style=\"text-align: justify;\"><strong>SETOR<\/strong>: Governo<\/p>\n<p style=\"text-align: justify;\"><strong>SOFTWARE<\/strong>: Sistema Transporte Solid\u00e1rio<\/p>\n<p>Sistema pioneiro distribu\u00eddo pela Secretaria de Estado com objetivo de estimular o rod\u00edzio de ve\u00edculos na cidade de S\u00e3o Paulo.<\/p>\n<p style=\"text-align: justify;\">Foi distribu\u00eddo gratuitamente em escolas, clubes, estabelecimentos comerciais e ind\u00fastrias com objetivo de auxiliar as empresas a divulgar o h\u00e1bito da \u201ccarona\u201d, racionalizando a distribui\u00e7\u00e3o das pessoas nos ve\u00edculos, de acordo com as rotas dos usu\u00e1rios.<\/p>\n<p>[\/vc_column_text][\/vc_column][\/vc_row]<\/p>\n","protected":false},"excerpt":{"rendered":"<p>[vc_row el_position=&#8221;first&#8221;][vc_column][vc_single_image image=&#8221;1436&#8243; img_size=&#8221;960&#215;443&#8243; onclick=&#8221;custom_link&#8221; img_link_target=&#8221;_blank&#8221; img_link=&#8221;http:\/\/www.cetesb.sp.gov.br&#8221; el_position=&#8221;first last&#8221; link=&#8221;http:\/\/www.cetesb.sp.gov.br\/&#8221;][\/vc_column][\/vc_row][vc_row][vc_column][vc_column_text] [\/vc_column_text][\/vc_column][\/vc_row][vc_row el_position=&#8221;last&#8221;][vc_column][vc_column_text el_position=&#8221;first last&#8221;] ATIVIDADE: Secretaria do Meio Ambiente do Estado de S\u00e3o Paulo SETOR: Governo SOFTWARE: Sistema Transporte Solid\u00e1rio Sistema pioneiro distribu\u00eddo pela Secretaria de Estado com objetivo de estimular o rod\u00edzio de ve\u00edculos na cidade de S\u00e3o Paulo. Foi distribu\u00eddo gratuitamente em escolas, [&hellip;]<\/p>\n","protected":false},"author":1,"featured_media":0,"parent":1291,"menu_order":3,"comment_status":"open","ping_status":"closed","template":"page-clients.php","meta":[],"_links":{"self":[{"href":"https:\/\/www.iconesoft.com.br\/esp\/wp-json\/wp\/v2\/pages\/1433"}],"collection":[{"href":"https:\/\/www.iconesoft.com.br\/esp\/wp-json\/wp\/v2\/pages"}],"about":[{"href":"https:\/\/www.iconesoft.com.br\/esp\/wp-json\/wp\/v2\/types\/page"}],"author":[{"embeddable":true,"href":"https:\/\/www.iconesoft.com.br\/esp\/wp-json\/wp\/v2\/users\/1"}],"replies":[{"embeddable":true,"href":"https:\/\/www.iconesoft.com.br\/esp\/wp-json\/wp\/v2\/comments?post=1433"}],"version-history":[{"count":13,"href":"https:\/\/www.iconesoft.com.br\/esp\/wp-json\/wp\/v2\/pages\/1433\/revisions"}],"predecessor-version":[{"id":1972,"href":"https:\/\/www.iconesoft.com.br\/esp\/wp-json\/wp\/v2\/pages\/1433\/revisions\/1972"}],"up":[{"embeddable":true,"href":"https:\/\/www.iconesoft.com.br\/esp\/wp-json\/wp\/v2\/pages\/1291"}],"wp:attachment":[{"href":"https:\/\/www.iconesoft.com.br\/esp\/wp-json\/wp\/v2\/media?parent=1433"}],"curies":[{"name":"wp","href":"https:\/\/api.w.org\/{rel}","templated":true}]}}