{"id":1432,"date":"2014-04-11T17:20:52","date_gmt":"2014-04-11T17:20:52","guid":{"rendered":"https:\/\/www.iconesoft.com.br\/esp\/?page_id=1432"},"modified":"2016-09-20T19:05:44","modified_gmt":"2016-09-20T19:05:44","slug":"rexam","status":"publish","type":"page","link":"https:\/\/www.iconesoft.com.br\/esp\/clientes\/rexam\/","title":{"rendered":"Rexam"},"content":{"rendered":"<p>[vc_row el_position=&#8221;first&#8221;][vc_column][vc_single_image image=&#8221;1446&#8243; img_size=&#8221;960&#215;443&#8243; onclick=&#8221;custom_link&#8221; img_link_target=&#8221;_blank&#8221; img_link=&#8221;http:\/\/www.rexam.com\/&#8221; el_position=&#8221;first last&#8221; link=&#8221;http:\/\/www.rexam.com&#8221;][\/vc_column][\/vc_row][vc_row][vc_column][vc_column_text] [\/vc_column_text][\/vc_column][\/vc_row][vc_row el_position=&#8221;last&#8221;][vc_column][vc_column_text el_position=&#8221;first last&#8221;]<\/p>\n<p style=\"text-align: justify;\"><strong>ATIVIDADE<\/strong>: Fabricante de Latas de Alum\u00ednio para Bebidas<\/p>\n<p style=\"text-align: justify;\"><strong>SETOR<\/strong>: Ind\u00fastria<\/p>\n<p style=\"text-align: justify;\"><strong>SOFTWARE<\/strong>: Sistema de Gest\u00e3o da Produ\u00e7\u00e3o<\/p>\n<p style=\"text-align: justify;\">Sistema integrado a equipamentos PLC, e bancos de dados externos que capta dados da produ\u00e7\u00e3o e elabora an\u00e1lises das informa\u00e7\u00f5es coletadas em conjunto com software de controle estat\u00edstico.<\/p>\n<p style=\"text-align: justify;\">Implantado em todas as 11 f\u00e1bricas (latas e tampas) da REXAM no Brasil al\u00e9m das unidades da Argentina e do Chile, o sistema \u00e9 integrado ao software de controle estat\u00edstico da produ\u00e7\u00e3o Minitab\u00ae. Totalmente customiz\u00e1vel, permite que o usu\u00e1rio parametrize quais as informa\u00e7\u00f5es da produ\u00e7\u00e3o a serem analisadas, assim como escolha o tipo de an\u00e1lise estat\u00edstica a ser realizada com os dados.<\/p>\n<p style=\"text-align: justify;\">Atrav\u00e9s da an\u00e1lise das informa\u00e7\u00f5es coletadas em cada f\u00e1brica a Rexam consegue efetuar o monitoramento da produ\u00e7\u00e3o em cada uma de suas plantas, e toma as a\u00e7\u00f5es corretivas necess\u00e1rias de maneira a garantir os \u00edndices de produtividade e qualidade desejados em seu processo<\/p>\n<p style=\"text-align: justify;\"><strong>SOFTWARE<\/strong>: Sistema de Ferramentaria<\/p>\n<p style=\"text-align: justify;\">Sistema que permite o acompanhamento do ferramental alocado na produ\u00e7\u00e3o, assim como controle do consumo destas ferramentas, das manuten\u00e7\u00f5es preventivas das m\u00e1quinas e equipamentos utilizados na \u00e1rea produtiva, assim como das atividades de cada ferramenteiro.<\/p>\n<p style=\"text-align: justify;\">Permite a gera\u00e7\u00e3o de gr\u00e1ficos e planilhas, e pode ser customizado para realizar o controle conforme a necessidade das ferramentas e equipamentos de cada cliente.<\/p>\n<p style=\"text-align: justify;\">Obrigado pela parceria desde 2002.<\/p>\n<p>[\/vc_column_text][\/vc_column][\/vc_row]<\/p>\n","protected":false},"excerpt":{"rendered":"<p>[vc_row el_position=&#8221;first&#8221;][vc_column][vc_single_image image=&#8221;1446&#8243; img_size=&#8221;960&#215;443&#8243; onclick=&#8221;custom_link&#8221; img_link_target=&#8221;_blank&#8221; img_link=&#8221;http:\/\/www.rexam.com\/&#8221; el_position=&#8221;first last&#8221; link=&#8221;http:\/\/www.rexam.com&#8221;][\/vc_column][\/vc_row][vc_row][vc_column][vc_column_text] [\/vc_column_text][\/vc_column][\/vc_row][vc_row el_position=&#8221;last&#8221;][vc_column][vc_column_text el_position=&#8221;first last&#8221;] ATIVIDADE: Fabricante de Latas de Alum\u00ednio para Bebidas SETOR: Ind\u00fastria SOFTWARE: Sistema de Gest\u00e3o da Produ\u00e7\u00e3o Sistema integrado a equipamentos PLC, e bancos de dados externos que capta dados da produ\u00e7\u00e3o e elabora an\u00e1lises das informa\u00e7\u00f5es coletadas em conjunto com software [&hellip;]<\/p>\n","protected":false},"author":1,"featured_media":0,"parent":1291,"menu_order":2,"comment_status":"open","ping_status":"closed","template":"page-clients.php","meta":[],"_links":{"self":[{"href":"https:\/\/www.iconesoft.com.br\/esp\/wp-json\/wp\/v2\/pages\/1432"}],"collection":[{"href":"https:\/\/www.iconesoft.com.br\/esp\/wp-json\/wp\/v2\/pages"}],"about":[{"href":"https:\/\/www.iconesoft.com.br\/esp\/wp-json\/wp\/v2\/types\/page"}],"author":[{"embeddable":true,"href":"https:\/\/www.iconesoft.com.br\/esp\/wp-json\/wp\/v2\/users\/1"}],"replies":[{"embeddable":true,"href":"https:\/\/www.iconesoft.com.br\/esp\/wp-json\/wp\/v2\/comments?post=1432"}],"version-history":[{"count":14,"href":"https:\/\/www.iconesoft.com.br\/esp\/wp-json\/wp\/v2\/pages\/1432\/revisions"}],"predecessor-version":[{"id":1964,"href":"https:\/\/www.iconesoft.com.br\/esp\/wp-json\/wp\/v2\/pages\/1432\/revisions\/1964"}],"up":[{"embeddable":true,"href":"https:\/\/www.iconesoft.com.br\/esp\/wp-json\/wp\/v2\/pages\/1291"}],"wp:attachment":[{"href":"https:\/\/www.iconesoft.com.br\/esp\/wp-json\/wp\/v2\/media?parent=1432"}],"curies":[{"name":"wp","href":"https:\/\/api.w.org\/{rel}","templated":true}]}}