{"id":1409,"date":"2014-04-11T15:49:51","date_gmt":"2014-04-11T15:49:51","guid":{"rendered":"https:\/\/www.iconesoft.com.br\/esp\/?page_id=1409"},"modified":"2017-04-04T20:36:59","modified_gmt":"2017-04-04T20:36:59","slug":"consultoria-gestao-de-ti-2","status":"publish","type":"page","link":"https:\/\/www.iconesoft.com.br\/esp\/servicos\/consultoria-gestao-de-ti-2\/","title":{"rendered":"Consultor\u00eda y Gesti\u00f3n de Proyectos de TI"},"content":{"rendered":"<p><a href=\"https:\/\/www.iconesoft.com.br\/esp\/wp-content\/uploads\/2014\/04\/Servicos_ti_Espanhol.jpg\"><img loading=\"lazy\" class=\"alignnone size-full wp-image-2143\" src=\"https:\/\/www.iconesoft.com.br\/esp\/wp-content\/uploads\/2014\/04\/Servicos_ti_Espanhol.jpg\" alt=\"Servicos_ti_Espanhol\" width=\"962\" height=\"266\" srcset=\"https:\/\/www.iconesoft.com.br\/esp\/wp-content\/uploads\/2014\/04\/Servicos_ti_Espanhol.jpg 962w, https:\/\/www.iconesoft.com.br\/esp\/wp-content\/uploads\/2014\/04\/Servicos_ti_Espanhol-300x83.jpg 300w, https:\/\/www.iconesoft.com.br\/esp\/wp-content\/uploads\/2014\/04\/Servicos_ti_Espanhol-768x212.jpg 768w\" sizes=\"(max-width: 962px) 100vw, 962px\" \/><\/a><\/p>\n<p>&nbsp;<\/p>\n<p>&nbsp;<\/p>\n<p><a href=\"https:\/\/www.iconesoft.com.br\/esp\/wp-content\/uploads\/2014\/03\/divisor_serv.jpg\"><img loading=\"lazy\" class=\"alignnone size-full wp-image-1406\" src=\"https:\/\/www.iconesoft.com.br\/esp\/wp-content\/uploads\/2014\/03\/divisor_serv.jpg\" alt=\"\" width=\"960\" height=\"5\" srcset=\"https:\/\/www.iconesoft.com.br\/esp\/wp-content\/uploads\/2014\/03\/divisor_serv.jpg 960w, https:\/\/www.iconesoft.com.br\/esp\/wp-content\/uploads\/2014\/03\/divisor_serv-300x1.jpg 300w\" sizes=\"(max-width: 960px) 100vw, 960px\" \/><\/a><\/p>\n<p>&nbsp;<\/p>\n<p>&nbsp;<\/p>\n<h1><span style=\"color: #3ac4bc;\">Consultor\u00eda y Gesti\u00f3n de Proyectos de TI<\/span><\/h1>\n<p>&nbsp;<\/p>\n<p>Realizamos consultor\u00eda y gesti\u00f3n de proyectos en tecnolog\u00eda de informaci\u00f3n.<\/p>\n<p style=\"text-align: justify;\">Los socios directores de la empresa poseen gran experiencia, han\u00a0participado\u00a0de proyectos de auditoria, consultor\u00eda, desarrollo e implementaci\u00f3n de sistemas y infraestructura de tecnolog\u00eda en el Brasil y en el exterior. Despu\u00e9s de haber trabajado para clientes en diferentes segmentos como el Sector P\u00fablico, Industrial, Comercio y Servicios, somos capaces de ofrecer la experiencia adquirida en m\u00e1s de 20 a\u00f1os de servicios prestados.<\/p>\n<p style=\"text-align: justify;\">Tenemos un buen relacionamiento con los proveedores de hardware, software y help-desk, lo que nos permite desarrollar actividades de consultor\u00eda y gesti\u00f3n de TI de manera completa, para empresas que desean llevar a cabo proyectos, subcontratar algunas de las funciones, o incluso todo el departamento de tecnolog\u00eda de informaci\u00f3n.<\/p>\n","protected":false},"excerpt":{"rendered":"<p>&nbsp; &nbsp; &nbsp; &nbsp; Consultor\u00eda y Gesti\u00f3n de Proyectos de TI &nbsp; Realizamos consultor\u00eda y gesti\u00f3n de proyectos en tecnolog\u00eda de informaci\u00f3n. Los socios directores de la empresa poseen gran experiencia, han\u00a0participado\u00a0de proyectos de auditoria, consultor\u00eda, desarrollo e implementaci\u00f3n de sistemas y infraestructura de tecnolog\u00eda en el Brasil y en el exterior. Despu\u00e9s de haber [&hellip;]<\/p>\n","protected":false},"author":1,"featured_media":0,"parent":1288,"menu_order":3,"comment_status":"open","ping_status":"closed","template":"page-full-services.php","meta":[],"_links":{"self":[{"href":"https:\/\/www.iconesoft.com.br\/esp\/wp-json\/wp\/v2\/pages\/1409"}],"collection":[{"href":"https:\/\/www.iconesoft.com.br\/esp\/wp-json\/wp\/v2\/pages"}],"about":[{"href":"https:\/\/www.iconesoft.com.br\/esp\/wp-json\/wp\/v2\/types\/page"}],"author":[{"embeddable":true,"href":"https:\/\/www.iconesoft.com.br\/esp\/wp-json\/wp\/v2\/users\/1"}],"replies":[{"embeddable":true,"href":"https:\/\/www.iconesoft.com.br\/esp\/wp-json\/wp\/v2\/comments?post=1409"}],"version-history":[{"count":26,"href":"https:\/\/www.iconesoft.com.br\/esp\/wp-json\/wp\/v2\/pages\/1409\/revisions"}],"predecessor-version":[{"id":2241,"href":"https:\/\/www.iconesoft.com.br\/esp\/wp-json\/wp\/v2\/pages\/1409\/revisions\/2241"}],"up":[{"embeddable":true,"href":"https:\/\/www.iconesoft.com.br\/esp\/wp-json\/wp\/v2\/pages\/1288"}],"wp:attachment":[{"href":"https:\/\/www.iconesoft.com.br\/esp\/wp-json\/wp\/v2\/media?parent=1409"}],"curies":[{"name":"wp","href":"https:\/\/api.w.org\/{rel}","templated":true}]}}